1101111110000
In base 7, what is 633346 - 4?
633342
In base 10, what is -36394842 - 0?
-36394842
In base 6, what is -245435300 + -2?
-245435302
In base 3, what is -211210222021120 + 1020?
-211210222020100
In base 14, what is 326695 - -8?
32669d
In base 16, what is 52c7d1 + 1?
52c7d2
In base 16, what is 16f5e - 2a?
16f34
In base 5, what is -313112443201 + -10?
-313112443211
In base 2, what is -1 - 110010001011100101111011?
-110010001011100101111100
In base 4, what is 12120323 - -1032123?
13213112
In base 14, what is -16dc5 + 5c?
-16d67
In base 14, what is 114a4a7 - d?
114a498
In base 15, what is aac65 - 348?
aa91c
In base 9, what is -22738 - -6540?
-15188
In base 15, what is 1 + 1a657d9?
1a657da
In base 9, what is -1020 - -10560?
8540
In base 5, what is -1234203 - -21403?
-1212300
In base 5, what is -11102 - 23333103?
-23344210
In base 14, what is 18c5 - -46b2?
6197
In base 5, what is -310313423 + 1124?
-310312244
In base 3, what is -110022111112122101 - 0?
-110022111112122101
In base 2, what is -110001110001011 + -10110001?
-110010000111100
In base 12, what is 17139 + -422?
16917
In base 11, what is -11017 - -4203?
-7914
In base 10, what is -6747392 + -2?
-6747394
In base 16, what is 11 + -3bc82?
-3bc71
In base 14, what is -24731d8 - -24?
-24731b4
In base 3, what is 1001221122112 - 1201?
1001221120211
In base 11, what is 1a64 - 19194?
-17230
In base 12, what is -45a - 6717?
-6b75
In base 6, what is 101500 + -1352?
100104
In base 14, what is 7a5b + 356?
7db3
In base 8, what is 53240 + 534?
53774
In base 13, what is -200731 - 2?
-200733
In base 8, what is -574373 + -155?
-574550
In base 2, what is 1010111111011000000 + 111010?
1010111111011111010
In base 5, what is -101 + -12200314?
-12200420
In base 14, what is 14 - -155aab7?
155aacb
In base 15, what is 27 - 1686d2?
-1686aa
In base 14, what is 1d815dd - 3?
1d815da
In base 4, what is -123 - 33120013133?
-33120013322
In base 5, what is -20340144430 - 1?
-20340144431
In base 7, what is -14506 + 1450?
-13026
In base 2, what is -101100011101010110000 - 1101111001?
-101100011111000101001
In base 11, what is -1813 - -71836?
70023
In base 8, what is -177667 + -20267?
-220156
In base 2, what is 111000101110 + -1111100000100101?
-1110100111110111
In base 15, what is -bcbbb3 - 0?
-bcbbb3
In base 13, what is 3 + -132c0965?
-132c0962
In base 10, what is 1390036 + -1?
1390035
In base 12, what is b + -45aa1b?
-45aa10
In base 6, what is 3 - 122501202?
-122501155
In base 2, what is -11001100000 + 1000110110100111?
1000011101000111
In base 16, what is -f80 + f134?
e1b4
In base 4, what is -11 - -10231002300?
10231002223
In base 16, what is -1e6 + -125fd?
-127e3
In base 12, what is 5 - 890937?
-890932
In base 16, what is -3862 - 844?
-40a6
In base 6, what is -2 - 243120012?
-243120014
In base 4, what is -100 + 11101230222?
11101230122
In base 4, what is -222300022232 + 10?
-222300022222
In base 15, what is 1a + 3c9d1d?
3c9d38
In base 4, what is -1023110 - -13033031?
12003321
In base 12, what is 36 + -9a4419?
-9a43a3
In base 2, what is -1000000100001110000 - 101101011110?
-1000001001111001110
In base 10, what is -2 - 4568987?
-4568989
In base 12, what is a806 - -236?
aa40
In base 4, what is 13333300 + 202010?
20201310
In base 10, what is -14399 - 8654?
-23053
In base 6, what is 1 - -324422322?
324422323
In base 15, what is 20925 + 5c?
20982
In base 11, what is 14 + 395277?
395290
In base 10, what is 605984190 - -4?
605984194
In base 5, what is 1001 + 4011112?
4012113
In base 8, what is 21371111130 - 0?
21371111130
In base 7, what is -3 - 14621140?
-14621143
In base 14, what is 68c4c75 + 0?
68c4c75
In base 16, what is -17508 - -5?
-17503
In base 3, what is -2111 - -120122202221112?
120122202212001
In base 5, what is 12040111433 - -23?
12040112011
In base 2, what is -1100100101111 + 1111001000?
-1010101100111
In base 2, what is -110111 + -111010010100100?
-111010011011011
In base 10, what is 232 - 1662350?
-1662118
In base 13, what is 3b753 + -536?
3b21a
In base 13, what is 0 + -612413?
-612413
In base 7, what is 20564566 + -2?
20564564
In base 10, what is -32 + 1002773?
1002741
In base 14, what is 2558 - 413?
2145
In base 6, what is 45 + -223044?
-222555
In base 16, what is 2dd43f + -e?
2dd431
In base 14, what is 6c - -21337?
213a5
In base 3, what is -1011101111101 - 10?
-1011101111111
In base 14, what is -c2726 + 45?
-c26c1
In base 2, what is 10010010011101001010000001111 + 11?
10010010011101001010000010010
In base 9, what is -2 + -1748752?
-1748754
In base 8, what is 134 - -1341?
1475
In base 9, what is 2 - 225458261?
-225458258
In base 15, what is 2 + b6e085?
b6e087
In base 3, what is -101121001000 + -201110?
-101121202110
In base 10, what is -96 - -38852?
38756
In base 7, what is -244406 + -14612?
-262321
In base 10, what is 1 + 2096636?
2096637
In base 8, what is 126 + -40726?
-40600
In base 2, what is 100010001001111110 - -10110001000?
100010100000000110
In base 6, what is -3420115335 + 0?
-3420115335
In base 6, what is -31 + 11144143534?
11144143503
In base 13, what is 11 - 42aa80?
-42aa6c
In base 12, what is 13 + -34734a5?
-3473492
In base 16, what is -1 - 84583b?
-84583c
In base 15, what is -a58179 + -1?
-a5817a
In base 12, what is 28 - 1a05?
-1999
In base 11, what is -1158458 - 36?
-1158493
In base 6, what is -2211302 + 211?
-2211051
In base 6, what is -120 - -1340203?
1340043
In base 7, what is -102401 - 1444?
-104145
In base 15, what is 321edb + -a?
321ed1
In base 8, what is 11363300 + 4?
11363304
In base 8, what is 5 + -463137236?
-463137231
In base 14, what is -287dd3 - -20?
-287db3
In base 12, what is -b - -15a9b77?
15a9b68
In base 9, what is -1260335 - 5?
-1260341
In base 9, what is -25051 + -116367?
-142428
In base 4, what is -10 - -202022003230?
202022003220
In base 7, what is 44 + -155404615?
-155404541
In base 9, what is -282501 + -271?
-282772
In base 8, what is 205030 + -422?
204406
In base 5, what is 1432112212334 + 1?
1432112212340
In base 14, what is -269 + -1ad5?
-1d60
In base 5, what is -2023203404 - 10?
-2023203414
In base 3, what is 2 - 22002222210?
-22002222201
In base 13, what is a7c142 - -13?
a7c155
In base 10, what is 272574 - 48?
272526
In base 6, what is -5 + 2035533513?
2035533504
In base 6, what is 134030142 + -3?
134030135
In base 13, what is 8 + 962579?
962584
In base 11, what is -3 + -2006552?
-2006555
In base 13, what is 74c10 + -c1a?
73cc3
In base 8, what is -4154 - -54427?
50253
In base 2, what is 100001010001 - -101000001001101?
101100010011110
In base 2, what is -10111000011101101111100 - 1110?
-10111000011101110001010
In base 9, what is -6484 + 116641?
110146
In base 12, what is 3a - -17767?
177a5
In base 14, what is a4814 - -17?
a482b
In base 10, what is -11618571 + -5?
-11618576
In base 3, what is -220211121 + -110220?
-221022111
In base 7, what is -306 - 23563?
-24202
In base 5, what is 11 + 4243230243?
4243230304
In base 12, what is 6b024a56 - 2?
6b024a54
In base 4, what is 202303113 + 1010?
202310123
In base 5, what is 12030 - 42142011?
-42124431
In base 3, what is -1102011 - -222120022?
221011011
In base 7, what is 435160 - -2402?
440562
In base 12, what is -4 - -776b7445?
776b7441
In base 5, what is -210122032 - -133?
-210121344
In base 5, what is -332243 - 2343?
-340141
In base 10, what is -153708822 - 3?
-153708825
In base 16, what is -b - -387e1d4?
387e1c9
In base 10, what is -44667 + -3433?
-48100
In base 2, what is 10001010 + -100000000100101110?
-100000000010100100
In base 10, what is -4 - -6856990?
6856986
In base 6, what is -300031153 + 2?
-300031151
In base 10, what is 2995 - -6341?
9336
In base 2, what is -111001 + 10001010111110000010100?
10001010111101111011011
In base 9, what is -165156 + 135?
-165021
In base 3, what is -22220 - -10102011220?
10101212000
In base 6, what is 224422 + -100215?
124203
In base 11, what is -267 + -111a452?
-111a709
In base 8, what is -5 - -5556037?
5556032
In base 11, what is 121 - 416020?
-4159aa
In base 7, what is -105 - -20633?
20525
In base 3, what is -100022110202 - -2?
-100022110200
In base 6, what is 21 + 23431131?
23431152
In base 9, what is 4 - -5202171?
5202175
In base 4, what is 3212301113003 - 31?
3212301112312
In base 7, what is 234262 + -46?
234213
In base 15, what is -506 + 7d2?
2cb
In base 6, what is 0 